17
Let b = -27 + 30. Suppose -b*w = w + 4*w. Let k(o) = -o**2 - 7*o - 10. Let p(v) = v**2 + 6*v + 9. Let y(d) = 5*k(d) + 6*p(d). Give y(w).
4
Let f(q) = 3*q**2 + 3*q + 2. Let m be f(-1). Let y(a) = -8*a - a + a**m + 8*a**3 + 10*a - 1. Determine y(1).
9
Let j(q) = -q**3 + 3*q**2 + 1. Suppose 10*i + 20 = 12*i. Suppose 0 = 146*o - 141*o - i. Determine j(o).
5
Let m(d) = -5 + 2*d**2 + 2*d - d + 3*d**2 - 4*d**2 - 11*d**2 - d**3. Give m(-10).
-15
Suppose 0 = -9*s - 0*s + 27. Let o(f) = 0*f + f - 2 - 2 + s. Give o(-5).
-6
Let f = 12 - 7. Let d(z) = -3*z**3 + 4*z**2 - 7*z - 1. Let t(g) = 7*g**3 - 7*g**2 + 15*g + 1. Let h(x) = 5*d(x) + 2*t(x). Give h(f).
-3
Let t(f) = -20*f**2 + 90*f. Let o(l) = 9*l**2 - 40*l. Let h(m) = 9*o(m) + 4*t(m). Let a be -2*(1 + (-2)/4). What is h(a)?
1
Let a(n) = n**3 + 7*n**2 + 8*n + 7. Let o be a(-6). Let w(u) = 62*u**2 - 4*u - 1 - 2*u - 19*u**2 - 21*u**2 - 23*u**2. Determine w(o).
4
Let x = -286 + 276. Let l(a) = -a**3 - 10*a**2 + 5*a + 11. What is l(x)?
-39
Let s(d) = 25. Let f(c) = c - 23. Let h(u) = 3*f(u) + 2*s(u). Let w(a) = -2*a + 1. Let i(z) = -h(z) - 2*w(z). Give i(0).
17
Let i(w) = -11*w**2 - 1. Let s = 312 - 311. Give i(s).
-12
Suppose 4*a = -2*r + 22, 2*r + 4*a = r + 17. Let t(i) = -i**3 + 6*i**2 - 5*i - 5. Let c be t(r). Let n(g) = -5 - 2*g - 1 - 1 + 1. Give n(c).
4
Suppose o = -5*f - o + 20, 0 = -4*f - 2*o + 16. Let z(r) = -f*r - r**3 + 8*r**2 - 4 - r - 4*r + 3*r. Let b(v) = -14*v + 105. Let x be b(7). Determine z(x).
3
Suppose -3*f = 3*m - 30, 5*m + 4*f - 48 = -0*f. Let c be ((-16)/(-10))/(m/40). Let b(v) = -v + 2 + 2 - 6*v**2 - v**3 + c*v**2. Give b(3).
-8
Let r(v) = -v**2 + 5*v + 53. Let n be 4 + 68/(-18) + (-1320)/(-135). Calculate r(n).
3
Let i(r) = -2*r**2 - 2*r - 1. Let f(c) = 5*c**2 + 2*c + 4. Let a(s) = -f(s) - 3*i(s). Give a(-5).
4
Let a(c) = 3*c**2 + 43. Let g(s) = -13*s**2 - 171. Let l(y) = -9*a(y) - 2*g(y). Give l(0).
-45
Let p = -17 + 23. Let w(n) = -2*n**2 + 4*n - p*n + 0*n**2 + 3*n. Let g = 11 - 10. Determine w(g).
-1
Let y(p) = -p**3 + 2*p + 1. Let a(k) = k**3 - 3*k**2 + k + 4. Let i be a(2). Let o be (2/(-1))/(i + -1). What is y(o)?
5
Let m(i) be the second derivative of -i**3/6 + i**2/2 - i. Suppose -y - 33 = -5*o, -2*o + 5*y + 2 = -2. Let q be o/((-28)/24) - (1 - 2). Determine m(q).
6
Let p(q) = -q**2. Let t(w) = -w**3 - 6*w**2 + 10*w + 9. Let u(k) = -3*p(k) + t(k). Give u(-5).
9
Let z(y) = 3*y**2 - 6. Let a(x) = x**2 + x - 1. Let h(v) = 4*a(v) - z(v). Let d(c) = 16*c + 109. Let k be d(-7). Determine h(k).
-1
Let s(c) = -2*c**2 - c**2 - 1 - 1603*c + 0 + 2*c**2 + 1601*c. Determine s(-3).
-4
Let j be 40/72 - (-708)/(-108). Let k(u) = -3*u - 2. Let n(l) = 10*l + 5. Let m(q) = -7*k(q) - 2*n(q). Give m(j).
-2
Let l(d) = -3*d**2 - 8. Let w(p) = -20*p**2 - 50. Let o(b) = 13*l(b) - 2*w(b). Determine o(2).
0
Let j(t) = -3. Let y(v) = -8*v - 52. Let d(q) = -24*j(q) + y(q). Determine d(3).
-4
Let t(k) = 0 - 5 - 4 + 3 - 6*k. Calculate t(-3).
12
Let i(x) = -5*x + 4. Suppose 5*d = -4*v + 26 + 15, -v = -2*d + 6. Give i(d).
-21
Let f(y) be the third derivative of y**6/120 - y**5/20 + y**4/8 - 7*y**3/6 - 5*y**2 + 3. Calculate f(3).
2
Suppose 3*j = 5 + 13. Let u(a) = 6*a**2 + 10*a - 8*a - 3 + 1 - 17*a**3 + 16*a**3 - 3. Give u(j).
7
Let y(b) = 3*b**2 + 4*b - 3. Let a(t) = -4*t**2 - 3*t + 4. Let w = -17 - -33. Suppose -5*x = -x + w. Let o(q) = x*a(q) - 5*y(q). Give o(8).
-1
Let r(w) = 2*w**2 - 6*w. Suppose 3 = 5*c - 7. Suppose -8*n + c*n = -24. Give r(n).
8
Let w(p) be the second derivative of p**4/12 - p**3 + 4*p**2 - 6*p - 16. Let g = -3 + 9. Determine w(g).
8
Let i(t) be the third derivative of 2/3*t**3 + 0 + 0*t - 1/24*t**4 - 14*t**2. Determine i(0).
4
Let z(t) = 12*t**3 - 25*t**3 + 5 - 4*t + 12*t**3 - 4*t**2 + 9*t. Let s = -2 + -3. What is z(s)?
5
Let j(q) = -11*q + 34. Let u(a) = 5*a - 25. Let r be u(6). Let s(k) = -8*k + 23. Let d(w) = r*j(w) - 7*s(w). Calculate d(-8).
1
Let m(s) = -5*s**2 - s - 1. Suppose -21*u = -26*u + 20. Suppose u*d = 2*d - 2. Determine m(d).
-5
Let h(g) = -g**3 + g**2 + g - 4. Let a be (-12)/8 - (-16)/(-32). Calculate h(a).
6
Let h(i) = -i**3 + 16*i**2 + 16*i + 23. Suppose 730*l - 51 = 727*l. What is h(l)?
6
Let z(b) = -b**3 - 6*b**2 - 4*b - 5. Let c = 111 + -115. Give z(c).
-21
Let i be (-19)/(-7) + (-22)/(-77). Let g(v) = 0*v - 1 - 5 - 3*v + 4. Give g(i).
-11
Let x(n) = 2*n**2 + 6*n - 18. Let f(l) = 2*l**3 - 12*l**2 - 16*l + 16. Let w be f(7). Give x(w).
2
Let n(l) = 2*l**2 - 14*l - 13. Let r(f) = f**2 - 7*f - 6. Let v(a) = -2*n(a) + 5*r(a). Suppose 0 = 80*t - 70*t - 90. Determine v(t).
14
Let j(g) = 5*g**3 + g**2 - 4*g. Let y(c) = 14*c**3 + 2*c**2 - 11*c + 1. Let q(a) = -11*j(a) + 4*y(a). Give q(3).
4
Let r(b) = -b**3 - 13*b**2 + 13*b - 8. Let g be r(-14). Let f(o) = 3*o - 3. Give f(g).
15
Let w(x) be the first derivative of -1/3*x**3 + 0*x + 7/2*x**2 - 3. Let h(q) = -q**2 + 8*q + 14. Let z be h(9). What is w(z)?
10
Let y be (-3)/((-3)/2) - -4. Let i = y + -1. Suppose -4*b - 5*c - 17 = 0, -1 = -i*b + 4*b + 4*c. Let l(x) = -x - 3. Calculate l(b).
0
Let j(u) = -u**3 + 10*u**2 - 9*u + 1. Let b be j(9). Let x be (7 - 2) + -1 + b. Let r(v) = 0 + 0*v + x - 2*v - v**3 + 5*v**2 + v. Give r(5).
0
Suppose 5*i = -3*y - 15, 2*i + 0 + 6 = -5*y. Suppose 8*z - 5*z + 3 = y. Let b(g) = 13*g - 1. Let d(s) = -s. Let h(c) = b(c) + 5*d(c). Calculate h(z).
-9
Let f(h) = h**2 - 2*h - 5. Let c be f(4). Let o(r) be the third derivative of r**5/30 - 2*r**3/3 - r**2 - 3. What is o(c)?
14
Let s be (-18)/(-4)*168/(-36). Let x be (3/2)/(s/70). Let i(g) = g**2 + 7*g + 3. Calculate i(x).
-7
Suppose -111*x + 6 = -109*x. Let a(h) = 6*h - 11. Calculate a(x).
7
Let q(r) = 0*r**2 + 2*r**2 - 34 + 3*r + 11 + 0*r**2 + 16. Calculate q(-5).
28
Let n(z) = 2*z**2 + 7*z - 28. Let s be n(-6). Let d(k) = 3*k. What is d(s)?
6
Let d(h) = -h**2 + 6*h + 1. Let o be d(2). Suppose -3*v = 3*l + l + 9, -2*l = -3*v - o. Let m(f) = -f**3 - f - 6. Give m(l).
-6
Let h(v) be the first derivative of 1/2*v**2 + 1/3*v**3 - 1/6*v**4 + 3 + 0*v. Let c(r) be the second derivative of h(r). Give c(-2).
10
Suppose h = 2*h. Let t(s) = h*s**2 + s**2 - 6*s - 3 + 7*s. Let l be ((-9)/6 - 1)*6/5. What is t(l)?
3
Let p = 7 + -2. Suppose -3*c = 2*q - 8 - 11, -4*q + c = -3. Let b(t) = -67 + 6*t + 61 + t**3 - q*t**3 + p*t**2. Give b(6).
-6
Let h be (-5 - 13)/(0 + 1). Let l = -10 - h. Suppose -4*z = m - 11, -4*m - 2*z = -l*m + 8. Let o(k) = -k**3 + 2*k**2 + k + 4. What is o(m)?
-2
Suppose 2*f + 0*q = 4*q + 24, 3*f - 2*q = 40. Suppose 6*d - 48 = f*d. Let a(v) = v**3 + 5*v**2 - 8*v - 9. Determine a(d).
3
Let b(l) = -7 - l + 3 + 1 + 1. Suppose p - 2 = -2*t + 4*t, -7 = p + t. What is b(p)?
2
Let h(u) = -u**2 - 5*u + 1. Let s be h(-6). Let g(j) be the first derivative of -1/3*j**3 - 2*j**2 + 15 + 5*j. What is g(s)?
0
Let v(f) be the second derivative of -3/2*f**2 - 3*f + 0 + 0*f**3 + 1/6*f**4. What is v(3)?
15
Let j(p) = -12*p**3 - 7*p**2 - 9*p**3 - p - 8*p**3 + 1 + 30*p**3. Let r be (0 + (-3)/(-6))*14. Determine j(r).
-6
Let z(h) = 48 + h**2 - 2*h + 6*h - 21 - 30. Suppose 0 = 4*a - 12, -4*k = 4*a - 17 - 3. Suppose -18 = 5*p - 2*p - 2*u, -k*u = 3*p + 6. Determine z(p).
-3
Suppose -j - 7 = w, -2*j - 3*w = 1 + 13. Let p(c) = c + 2. Let z(u) = u + 2. Let y(m) = -7*p(m) + 6*z(m). Determine y(j).
5
Let a(z) = 2*z**2 + 2*z - 1. Let w be (3 + (-10)/6)/((-2)/6). Let c be (3 - (-40)/w - -1)/2. What is a(c)?
11
Let p(o) = o**3 + 5*o**2 - 2*o. Let k(g) = 18*g + 121. Let n be k(-7). Determine p(n).
10
Let d(l) be the third derivative of l**6/120 - l**5/60 - l**4/24 + 13*l**3/6 + 2*l**2. Let b(y) = -y + 9. Let o be b(8). Let i = 1 - o. Determine d(i).
13
Let i(v) = 182*v + 12*v**2 - 180*v - v**3 + 0*v**3 - 2*v**3 + 17 + 4*v**3. Determine i(-12).
-7
Suppose -3*r = 2*r - 15. Suppose 0 = -4*c + 4*h + 20, r*c + 0*h = 2*h + 11. Let m(n) = -n + 473 + 480 - 953 - 4*n. What is m(c)?
-5
Let d(x) = 16*x - x**3 - 5 + 15*x - 31*x. Suppose -4*k - k + 25 = 0. Suppose 0 = 5*a + 4*p, 2*a + k*p = p. Calculate d(a).
-5
Let q = 403 + -404. Let h(l) be the second derivative of 3*l**5/4 + l**4/6 + l**3/6 + 6*l. Calculate h(q).
-14
Suppose p + 3*v - 9 = 6*v, 5*v = 5*p + 5. Let a(q) be the first derivative of -q**2/2 - 5*q + 2002. What is a(p)?
1
Let x(n) be the third derivative of -n**4/24 +